40/2280). Calculate z(u).
16
Suppose 0 = 5*j - 565 + 1183 - 568. Let r(v) = v**2 + 17*v + 32. What is r(j)?
-38
Suppose -8*q + 4*q + 4 = 0. Let l be (-40)/16 + q/2. Let p(i) = -1 + 0 + 1 - 9*i + 1. Calculate p(l).
19
Let b(u) be the third derivative of -u**4/8 + 7*u**3/3 + 12*u**2. Suppose 5*k + 146 = 131. Let r(s) = 1. Let l(h) = k*r(h) + b(h). Determine l(8).
-13
Let b(p) = -p**2 - 3 - 79*p**3 - 110*p**3 - 3*p + 243*p**3. Let q(a) = -53*a**3 + a**2 + 2*a + 2. Let v(h) = 3*b(h) + 4*q(h). Calculate v(-1).
51
Let d(f) = -f**3 - 6*f**2 - 2*f - 20. Let q(t) = -6*t**3 - t**2 + 3*t - 2. Let v be q(1). What is d(v)?
-8
Let r(j) = 3*j. Let w(v) = -v + 85. Let b(y) = 4*r(y) - w(y). What is b(7)?
6
Let n be 9 - -1 - (-15 + 33). Let k(g) = -3*g + g - 3 + g - 1. What is k(n)?
4
Let b(y) = 9*y - 2. Let w(q) = 9*q - 2. Let n(z) = 4*b(z) - 5*w(z). Let l = 0 - -2. Suppose -2 = 4*u - l*o, -2*o - 15 = 5*u + 1. What is n(u)?
20
Let w(o) = -13*o + 9. Let j(v) = -20*v + 11. Let q(n) = -2*j(n) + 3*w(n). What is q(-14)?
-9
Let m be 6/4 - (-1)/2. Let f(w) = w**3 - 4*w**2 + 5*w + 3. What is f(m)?
5
Let z(r) = -23*r**3 - r**2 + 3*r - 3. Let x = -7061 - -7062. Give z(x).
-24
Let y(v) = v**3 + 8*v + 2 - 13*v + v**2 + 2*v. Suppose -3*g = -55 + 13. Suppose 4*c = h - g, 5*c + 23 = -0*h + 4*h. Give y(c).
-7
Let v(h) = -h**3 + 7*h**2 - 8*h - 5. Suppose 5*d - 23 = 2*n, 3*d - 2*n = -5*n + 39. Determine v(d).
-61
Let m(u) = 216*u**2 + 11*u + 25. Let v(y) = 46*y**2 + 2*y + 5. Let h(x) = m(x) - 5*v(x). Let o(z) = z**3 + 2*z**2 + 1. Let i be o(-2). Calculate h(i).
-13
Let j = -8367 + 8366. Let q(s) = -19*s**3 - 2*s**2 - 3*s - 2. What is q(j)?
18
Let s(w) = -w - 2*w - 5*w - 639*w**2 + w**3 + 649*w**2 - 29. Determine s(-9).
124
Suppose -5*f - 26 - 4 = 0. Let i(m) = -4*m - 2. Let x(u) = -6*u - 3. Let w(n) = -7*i(n) + 5*x(n). Let a(t) = -6*t + 3. Let j(b) = a(b) - 4*w(b). Give j(f).
-5
Let l(m) = -3*m + 25. Let r(b) = 6*b - 11. Let d(z) = 3*l(z) + 5*r(z). Determine d(-6).
-106
Let t(a) = a**3 + 4*a**2 - 8*a + 4. Suppose 0 = 2*o - 4*n + 16, 0 = 37*o - 41*o + 3*n - 27. Calculate t(o).
-20
Let o = 9114 - 9108. Let y(r) = r**2 - 12*r + 4. Calculate y(o).
-32
Let k = 513 + -513. Suppose -3*p = 4*x - 2*p + 10, k = -3*x - 5*p - 16. Let o(h) = -2*h**2 + h - 2. What is o(x)?
-12
Let s(p) be the first derivative of p**3/3 - 3*p**2 + 16*p - 725. Give s(7).
23
Let s = -1286 + 1281. Let t(w) = w**3 + 7*w**2 - 3. Give t(s).
47
Let n be 10/(-4) + (20/8 - 4). Let t(x) = x**2. Let f(c) = -c**3 + 2*c**2 - 2*c - 5. Let p(v) = -f(v) + 6*t(v). Determine p(n).
-3
Let o = 2485 + -2484. Let y(w) = -28*w**2 + 9*w - 1. What is y(o)?
-20
Let y(a) = -2*a + 41. Let u = 755 - 755. Calculate y(u).
41
Let m = -32 + 20. Let d be ((-1)/3)/(2/m). Let j(x) = 0 + d*x**2 + 2*x - 10*x**2 - 1. Give j(1).
-7
Let y(d) = 5*d**2 - d. Let o = 50 - 53. Let b be (-4)/o*3/4. Determine y(b).
4
Let v be (-1 + 3 - 3) + 9/3. Let p(c) = -1192*c + 2 + 1189*c - 1. Give p(v).
-5
Let q(f) be the second derivative of f**4/12 + 3*f**3/2 - 9*f**2/2 + 26*f + 67. Let d(v) = -v**3 + 9*v**2 - 9*v. Let o be d(8). Determine q(o).
-17
Let t(i) = -i**3 + 18*i**2 + 45*i - 102. Let u(k) = 581*k + 20. Let y be u(0). Calculate t(y).
-2
Suppose -7 = 2*l - 3. Let v(f) be the third derivative of -2*f**2 + 20 + 0*f + 1/12*f**4 + 1/20*f**5 - 1/120*f**6 - 1/3*f**3. Calculate v(l).
14
Let w(y) = -6*y + 503991 - 504075 + 4*y. Calculate w(-39).
-6
Let g = 28 + -27. Let h be g - (-4)/(-2)*13/(-26). Let r(z) = -5*z - 3*z**h + 6*z**2 + z - 2*z**2 - 1. What is r(3)?
-4
Let g(b) = 12*b**2 - 20*b + 12. Let v(a) = 5*a**2 - 9*a + 5. Let t(u) = -3*g(u) + 7*v(u). Calculate t(-4).
-5
Let z(h) = h**2 + 16*h + 26. Let g(c) be the second derivative of c**5/20 - c**4/3 + 5*c**3/6 - 7*c**2 - 324*c. Let n be g(0). Determine z(n).
-2
Let t(c) be the second derivative of c**5/60 + 7*c**4/24 - 5*c**3/6 + 61*c**2 + 158*c - 1. Let d(o) be the first derivative of t(o). Give d(-9).
13
Let o(h) be the second derivative of -7*h**3/6 - h**2/2 - 11*h - 1. Let u(s) = 8*s + 5*s - 5*s + 4 - 2. Let d(k) = -4*o(k) - 3*u(k). What is d(2)?
6
Let x(d) = 12*d**3 - 12*d**2 + 1920*d + 87. Let w(n) = n**3 - n**2 + 167*n + 8. Let i(l) = -23*w(l) + 2*x(l). Suppose -5*s + s = 0. Determine i(s).
-10
Suppose 0 = -5*u - 17 + 22. Let z(n) = -n. Let a(m) = 25*m**2 - 3*m - 1. Let l = 41 + -37. Let o(x) = l*z(x) - a(x). What is o(u)?
-25
Let r(n) = 2*n**2 + 47*n + 32. Suppose -5*h - 4*m = 131, -h + 123 = -6*h - 2*m. Determine r(h).
9
Suppose -3*l + 4*h + 18 = 0, 3*l - 30 = -2*l + 3*h. Suppose 3*u + 13 = l*u + 2*t, 4*u + 5*t = 15. Let g(y) = 3*y - 5. Give g(u).
10
Let b(c) be the first derivative of -c**3/6 - 15*c**2/2 + 97*c - 176. Let m(n) be the first derivative of b(n). Calculate m(-13).
-2
Let q(l) = l**2 + 15*l + 5. Let w(j) be the second derivative of j**4/12 + 2*j**3 + 5*j**2/2 - 2*j - 138. Let z(i) = -3*q(i) + 4*w(i). Determine z(-2).
3
Let q(t) = -6*t**2 + 25*t + 1. Let d(k) = 8*k**2 - 29*k - 2. Let i(n) = -5*d(n) - 6*q(n). Determine i(-4).
-40
Let j(y) = y**3 - 9*y**2 - 11*y + 15. Suppose -7*v = -11*v + 3*f - 183, -2*v - 93 = -3*f. Suppose 3*q + 78 = -27. Let a = q - v. Calculate j(a).
5
Let o(m) be the second derivative of 9*m**3/2 - 148*m**2 + 385*m + 3. Calculate o(11).
1
Let x(j) = j**2 + 26*j - 31. Let m be x(-27). Let o be m - (9/(-2) - (-42)/(-28)). Let k(g) = -g**2 + 6*g - 7. Calculate k(o).
1
Let f be -8 + -15 + -1 + 26. Let t(n) = 2*n**3 - 3*n**2 - 2*n + 6. Determine t(f).
6
Let b(t) = -t**3 + 6*t**2 + 6*t + 6. Suppose -132 = 75*i - 432. Calculate b(i).
62
Let z(h) = 3*h**3 - 41*h**2 + 145*h + 161. Let q(r) = r**3 - 14*r**2 + 51*r + 57. Let p(i) = 17*q(i) - 6*z(i). Determine p(7).
31
Let i(p) = 2*p - 33. Let q(t) = t**3 - 26*t**2 + 158*t + 5. Let c be q(10). Calculate i(c).
-63
Let k(i) = -i**2 + 7*i - 1. Let v(l) = -6*l**2 + 42*l - 8. Let u(h) = 5*k(h) - v(h). Suppose -29*d + 8 = -28*d. Determine u(d).
11
Suppose u = -4*f + 6*f - 68, 0 = -5*f - 3*u + 192. Let p be 1/(-3)*-2*f. Let o be p/(-20) - (-4)/(-5). Let v(s) = -2*s**3 - 2*s**2 + 3*s + 3. What is v(o)?
5
Let j(n) = -n**2 - n + 1. Let q be 5/(-20) + 14/(-8). Let u be (-1)/q - 42/4. Let m = u - -7. Determine j(m).
-5
Let g(s) = -9*s + 10. Let a be g(1). Let k(r) = -a - 4*r + 14 + 8 - 16. Determine k(3).
-7
Let o(x) = -x + 44. Let l be o(0). Let n = l + -41. Let i(m) = 2*m + 0*m**2 - 60*m**n + 0*m + 59*m**3 - 5*m**2 + 3. Determine i(-5).
-7
Let m be 4 - (2 - (2 + 0)). Let v(j) = j**3 - 4*j**2 + 4*j + 2. Let b be v(2). Let l(t) = 81 - t**b + 6*t + 77 - 160. Give l(m).
6
Let m(h) = 1 + h**3 + 18*h + 0*h**3 - 1471*h**2 + 1454*h**2. Calculate m(16).
33
Let w(j) = -17*j**3 - 36*j**2 + 16*j - 56. Let b(t) = 13*t**3 + 27*t**2 - 12*t + 43. Let z(v) = 13*b(v) + 10*w(v). What is z(-10)?
59
Suppose 5 + 11 = 4*y. Suppose 11 + 1 = y*a. Let o(s) = -4*s + 3*s**2 + 4*s + 2 - s**a. Calculate o(3).
2
Let b(s) = s**3 + 7*s**2 + 7*s. Suppose 12*l - 26 - 22 = 0. Let a be (-4)/6*45*l/20. Calculate b(a).
-6
Let p be 3836/19 + -4 + 2/19. Let h be ((-132)/p)/(1/(-6)). Let g(c) = -5 + 2 - 3*c - c**2 + 5*c. Give g(h).
-11
Let s = 12 + 25. Let m = -33 + s. Let p(g) be the third derivative of g**4/8 + g**3/2 + 3*g**2. What is p(m)?
15
Let s(r) be the second derivative of -r**4/2 + r**3/6 - 4*r + 1. Let t be 10/(-8) + 18/(-24). Let c be 25/35 - t/7. What is s(c)?
-5
Suppose -80*l + 3*l = -157*l. Let j(p) be the second derivative of l + 0*p**2 + 4/3*p**3 - 14*p. Calculate j(-1).
-8
Let r(w) be the third derivative of -w**6/120 + 2*w**5/15 + 7*w**4/8 - 3*w**3/2 - 2*w**2 - 10*w - 3. What is r(10)?
1
Let a = -34 + 176. Let j = -140 + a. Let h(n) = n**3 - 2*n**2 - 2*n + 3. What is h(j)?
-1
Let n = 5137 - 5145. Let w(a) = a + 6. Give w(n).
-2
Let q(z) = -7*z**2 + z + 18. Let l(o) = -o**2. Let k(p) = 6*l(p) - q(p). Let u be k(4). Let w(s) = -s**2 - 6*s + 7. Determine w(u).
7
Let k(m) = m**3 + 16*m**2 + 28*m + 7. Suppose -4*c = -218*l + 215*l + 74, -2*c + l = 34. Determine k(c).
7
Let m(r) = 157*r + 313. Let h be m(-2). Let j(k) = -3*k**2 - 7*k - 5. Determine j(h).
-1
Let b = 41 + -3. Let q = -36 + b. Suppose -q*z - 3*o + 23 = 2*o, -z - 3*o + 13 = 0. Let p(g) = -g**2 + 2*g + 5. Determine p(z).
-3
Let s(d) be the second derivative of 0*d**2 + 11/3*d**3 - 17/120*d**5 + 0*d*